{"id":41,"date":"2019-10-24T18:04:28","date_gmt":"2019-10-24T18:04:28","guid":{"rendered":"http:\/\/dj-nelly.net\/?page_id=41"},"modified":"2025-09-12T09:18:27","modified_gmt":"2025-09-12T09:18:27","slug":"impressum","status":"publish","type":"page","link":"http:\/\/dj-nelly.net\/?page_id=41","title":{"rendered":"Impressum"},"content":{"rendered":"<div id=\"pl-gb41-69f198dd55c4d\"  class=\"panel-layout\" ><div id=\"pg-gb41-69f198dd55c4d-0\"  class=\"panel-grid panel-no-style\" ><div id=\"pgc-gb41-69f198dd55c4d-0-0\"  class=\"panel-grid-cell\" ><div id=\"panel-gb41-69f198dd55c4d-0-0-0\" class=\"so-panel widget widget_text panel-first-child panel-last-child\" data-index=\"0\" ><div class=\"animate-69f198dd55d05707751630 panels-animation-hide panel-widget-style panel-widget-style-for-gb41-69f198dd55c4d-0-0-0\" data-so-animation=\"{&quot;selector&quot;:&quot;.animate-69f198dd55d05707751630&quot;,&quot;animation&quot;:&quot;bounce&quot;,&quot;breakpoint&quot;:&quot;780px&quot;,&quot;duration&quot;:1,&quot;repeat&quot;:0,&quot;hide&quot;:1,&quot;disableAnimationMobile&quot;:0,&quot;finalState&quot;:&quot;visible&quot;,&quot;delay&quot;:0,&quot;debounce&quot;:0.1,&quot;event&quot;:&quot;enter&quot;,&quot;offset&quot;:0}\" >\t\t\t<div class=\"textwidget\"><p>Rechtliche Hinweise zur Webseite<br \/>\nAlle Texte, Bilder und weiter hier ver\u00f6ffentlichten Informationen unterliegen dem Urheberrecht des Anbieters, soweit nicht Urheberrechte Dritter bestehen. In jedem Fall ist eine Vervielf\u00e4ltigung, Verbreitung oder \u00f6ffentliche Wiedergabe ausschlie\u00dflich im Falle einer widerruflichen und nicht \u00fcbertragbaren Zustimmung des Anbieters gestattet. F\u00fcr alle mittels Querverweis (Link) verbundenen Webinhalte \u00fcbernimmt der Anbieter keine Verantwortung, da es sich hierbei nicht um eigene Inhalte handelt. Die verlinkten Seiten wurden auf rechtswidrige Inhalte \u00fcberpr\u00fcft, zum Zeitpunkt der Verlinkung waren solche nicht erkennbar. Verantwortlich f\u00fcr den Inhalt der verlinkten Seiten ist deren Betreiber. Der Anbieter hat hierzu keine allgemeine \u00dcberwachungs- und Pr\u00fcfungspflicht. Bei Bekanntwerden einer Rechtsverletzung wird der entsprechende Link jedoch umgehend entfernt.<\/p>\n<p>Onelis S\u00e1nchez Torres<br \/>\nBruchwischberg 26<br \/>\n28832 Achim<\/p>\n<p>Tel: +49 15253842615<br \/>\nMail: salsa@dj-nelly.net<\/p>\n<p>\u200b<br \/>\nLink auf die Plattform der EU-Kommission zur Online-Streitbeilegung: <a href=\"https:\/\/ec.europa.eu\/consumers\/odr\/\" target=\"_blank\" rel=\"noopener\" data-jwlink-type=\"extern\" data-jwlink-identifier=\"https:\/\/ec.europa.eu\/consumers\/odr\/\" data-jwlink-title=\"\">https:\/\/ec.europa.eu\/consumers\/odr\/<\/a><\/p>\n<\/div>\n\t\t<\/div><\/div><\/div><\/div><\/div>","protected":false},"excerpt":{"rendered":"<p>Rechtliche Hinweise zur Webseite Alle Texte, Bilder und weiter hier ver\u00f6ffentlichten Informationen unterliegen dem Urheberrecht des Anbieters, soweit nicht Urheberrechte [&hellip;]<\/p>\n","protected":false},"author":1,"featured_media":0,"parent":0,"menu_order":0,"comment_status":"closed","ping_status":"closed","template":"","meta":{"_price":"","_stock":"","_tribe_ticket_header":"","_tribe_default_ticket_provider":"","_tribe_ticket_capacity":"0","_ticket_start_date":"","_ticket_end_date":"","_tribe_ticket_show_description":"","_tribe_ticket_show_not_going":false,"_tribe_ticket_use_global_stock":"","_tribe_ticket_global_stock_level":"","_global_stock_mode":"","_global_stock_cap":"","_tribe_rsvp_for_event":"","_tribe_ticket_going_count":"","_tribe_ticket_not_going_count":"","_tribe_tickets_list":"[]","_tribe_ticket_has_attendee_info_fields":false,"two_page_speed":[],"footnotes":"","_tec_slr_enabled":"","_tec_slr_layout":""},"mt-event-group":[],"class_list":["post-41","page","type-page","status-publish","hentry"],"ticketed":false,"_links":{"self":[{"href":"http:\/\/dj-nelly.net\/index.php?rest_route=\/wp\/v2\/pages\/41","targetHints":{"allow":["GET"]}}],"collection":[{"href":"http:\/\/dj-nelly.net\/index.php?rest_route=\/wp\/v2\/pages"}],"about":[{"href":"http:\/\/dj-nelly.net\/index.php?rest_route=\/wp\/v2\/types\/page"}],"author":[{"embeddable":true,"href":"http:\/\/dj-nelly.net\/index.php?rest_route=\/wp\/v2\/users\/1"}],"replies":[{"embeddable":true,"href":"http:\/\/dj-nelly.net\/index.php?rest_route=%2Fwp%2Fv2%2Fcomments&post=41"}],"version-history":[{"count":3,"href":"http:\/\/dj-nelly.net\/index.php?rest_route=\/wp\/v2\/pages\/41\/revisions"}],"predecessor-version":[{"id":505,"href":"http:\/\/dj-nelly.net\/index.php?rest_route=\/wp\/v2\/pages\/41\/revisions\/505"}],"wp:attachment":[{"href":"http:\/\/dj-nelly.net\/index.php?rest_route=%2Fwp%2Fv2%2Fmedia&parent=41"}],"wp:term":[{"taxonomy":"mt-event-group","embeddable":true,"href":"http:\/\/dj-nelly.net\/index.php?rest_route=%2Fwp%2Fv2%2Fmt-event-group&post=41"}],"curies":[{"name":"wp","href":"https:\/\/api.w.org\/{rel}","templated":true}]}}